the units digit of y(-10)?
7
Let i = 109 - 39. What is the tens digit of i?
7
Suppose 55 = 4*g - 5*i, 0*g + 2*g = 4*i + 32. What is the units digit of -3*(g/(-3) + 3)?
1
Suppose 0 = 4*y - 0*y - 164. Suppose -3*n - g - y = 12, -1 = -g. What is the units digit of (-16)/72 + (-112)/n?
6
Suppose -5*c - 7 = -2*h + 11, 2*h - c - 2 = 0. What is the tens digit of (-6)/(h + -2)*16?
3
Let f = -3 - -8. Suppose 0 = 4*d, 0*d = -2*s - f*d + 2. Suppose -3*g + 4*g = s. What is the units digit of g?
1
Let a = -7 - -11. Let x = 15 - a. What is the tens digit of x?
1
Let h = 17 + -11. Suppose 0 = -5*b + 2*m + 22, b - h = -5*m + 20. What is the units digit of (b - 26)/((-2)/2)?
0
Let b(k) = -17*k + 1. Let o be b(-2). Let r = o + -20. What is the tens digit of r?
1
Let l(t) = t**3 - t**2 + 2*t + 8. What is the units digit of l(0)?
8
Let c(i) = 2*i - 3. Let m(d) = 5*d**3 - d**2. Let g be m(1). What is the units digit of c(g)?
5
What is the units digit of -2 + (3 - -2) - -4?
7
Let q = -337 - -568. What is the hundreds digit of q?
2
Suppose -2*x + 2 = -2. Suppose -2*i + x*c = -36, -5*i - 2*c + 4*c + 90 = 0. What is the units digit of i?
8
Let x(u) = u**2 - u + 2. Let m be x(2). Suppose 3*y + 4*j - 1 = 0, -2*j = -m*y + 10 + 28. Suppose -l + y = -11. What is the tens digit of l?
1
Let b(m) = m**2 + 3*m - 3. Let g be b(-6). Let r = 3 + g. What is the units digit of r?
8
Suppose 5*i = 4*o - 318, 2*o + 73 - 233 = 2*i. What is the tens digit of o?
8
Suppose 6 = -0*p + 3*p. Suppose -p*j + 40 = -5*u, 4*u + 53 = -2*j + 5*j. What is the units digit of j?
5
Suppose -71 = -4*h - m + 72, -h - 5*m = -50. What is the units digit of h?
5
Let j(y) = -y**2 - 12*y + 3. What is the units digit of j(-10)?
3
Suppose 2*c - 36 = 34. What is the tens digit of c?
3
What is the hundreds digit of (-4)/(8/(-6)) - 1*-199?
2
Let l(s) = -9*s - 9. What is the units digit of l(-3)?
8
Let p = -7 + 4. Let r be p/(2 - 1) - -31. Let x = r + -18. What is the tens digit of x?
1
Suppose 9*d + 9*d - 2394 = 0. What is the hundreds digit of d?
1
Suppose 9 = -5*t + 19. Let j(q) = 4*q**3 + 2*q**2 - 3*q + 1. What is the units digit of j(t)?
5
Let h = 9 + -4. Suppose h*k - 7*k = -52. What is the tens digit of k?
2
Suppose 3*l - 3*z = 162, -4*l = -z - 178 - 47. What is the units digit of l?
7
Let y = 150 + -97. What is the units digit of y?
3
Let v be 1 + (-2)/1 - -5. Let q(g) = 5*g + g - 4 - 2*g**2 + g**2. What is the units digit of q(v)?
4
Let a = 10 + -2. Let y = a + -5. What is the units digit of y?
3
Let c = -198 - -321. What is the tens digit of c?
2
Let s = -113 - -223. What is the units digit of s?
0
Let k = -17 + 35. Suppose -3*t + 5*t = k. What is the units digit of t?
9
Let q(x) = x**2 + 9*x + 12. Let p = -6 - -4. Let r be (-4)/(-3)*p*3. What is the units digit of q(r)?
4
Suppose 5*c = 63 - 8. What is the units digit of c?
1
Let j = 10 + -4. Suppose -8 = -i + 2*r, -3*i + j*r + 20 = 4*r. What is the units digit of i?
6
Let x be 32/2*2/(-4). Let w be (-1 + -1)*12/x. Suppose -2*p - w*p = -45. What is the units digit of p?
9
Suppose q - 44 = -5*z, -q + 5*q + 2*z = 176. What is the units digit of q?
4
Suppose -3*s - 8 = 3*x - 5, -2*s - 2 = -3*x. Suppose -3*p - p = x. Let h = 2 - p. What is the units digit of h?
2
Suppose 210 = u + 2*u. Suppose 0 = 4*i + 4*p - 65 + 9, -3*p = -4*i + u. What is the tens digit of i?
1
Let g(o) = -o**3 - 5*o**2 - 5*o - 5. Let x be g(-4). Let j(i) = -15*i**3 + i**2. What is the units digit of j(x)?
6
Let l = -10 - -10. Suppose 2*j - 19 = -l*a - a, j = a + 5. Suppose 0 = 4*d - j. What is the units digit of d?
2
Let d = -39 - 5. Let o = -28 - d. What is the tens digit of o?
1
Let q be 2*3/6*23. Let r = q - 3. Suppose 3*c + 3 + 2 = -2*h, r = 3*h - c. What is the units digit of h?
5
Let q be (3/(-4))/((-4)/16). Suppose 0*k + q*k - 19 = p, -5*p + 5 = 5*k. Suppose 2*j - k = 11. What is the units digit of j?
8
Let q be (-2)/10 + 18/15. What is the units digit of 5 - ((-3)/q)/3?
6
Let n = 46 + -15. What is the units digit of n?
1
Let w = -29 + 53. What is the units digit of w?
4
What is the units digit of 250/12 - 1/(-6)?
1
Suppose -195 + 42 = -3*d - 2*t, 0 = -2*t. What is the units digit of d?
1
Let d = -25 - -9. Let l = -7 - d. What is the units digit of l?
9
Let f(i) = -i**2 - 22*i - 25. What is the units digit of f(-10)?
5
Let x(b) = 6*b**2. Let p be x(-2). Suppose -5*z + p = -z. What is the tens digit of (-9)/(-2)*16/z?
1
Let m(u) = -2*u + 1. Let f = 5 + 0. Let p be (-4 - -2) + (f - 6). What is the units digit of m(p)?
7
Suppose 0 = h - 20 + 13. Suppose 2*p - 36 = -r - h, -4*r + 4*p = -92. What is the tens digit of r?
2
Let i(p) = -p**2 + 9*p - 7. Let d be i(7). Let l(n) = -3*n + 6. Let x be l(d). What is the units digit of (3 - -2)*(-12)/x?
4
Let s = 61 - 16. What is the tens digit of s?
4
Suppose 54 = -5*n - 66. What is the units digit of (-1)/3 - 152/n?
6
Let v(q) = 1 + 35*q**3 - 2 - 34*q**3 - q**2. What is the units digit of v(3)?
7
Suppose 4*j - 99 - 701 = 0. What is the hundreds digit of j?
2
Let g(r) = -r**2 + 10*r - 11. Let k be g(8). Suppose -y + 3*y + 3*b = 98, k*b - 235 = -5*y. What is the units digit of y?
3
Let a = -82 + 134. Suppose -a = -6*l + 2*l. What is the tens digit of l?
1
Suppose -x + 36 = 4. What is the units digit of x?
2
Let n = 0 - -5. Let u = -4 + n. What is the units digit of u?
1
Let y be 0*(-3 + -1 + 3). Suppose y = -5*a + 3*a + 36. What is the tens digit of a?
1
What is the tens digit of 70 - (-6 + 7 + -3)?
7
Let k = 255 + -150. Suppose -2*y + 102 = 4*q, 2*y + y = -4*q + k. What is the tens digit of q?
2
Let y = -5 - -8. Suppose r - y*d = 24, 0*r = -5*r + d + 50. What is the units digit of r?
9
Suppose 0 = 2*v - 6*v + 8. Let j = v + 3. Suppose 0 = -2*a + j*y + 14, 76 = 3*a + a + 2*y. What is the units digit of a?
7
Let x = 20 - 10. Let a = -8 + x. What is the units digit of a?
2
Let c be 2 - (1 - -1) - -11. Suppose 5*u - 46 = -a + c, 0 = -5*u + 4*a + 72. What is the units digit of u?
2
Let h = 23 + -18. What is the units digit of 17 + h + (0 - -3)?
5
Suppose 11 = 3*g + 2. What is the units digit of (g - -12) + 1 + -1?
5
Suppose -y + 167 = 2*w, 3*w + w - 5*y - 313 = 0. What is the tens digit of w?
8
What is the units digit of 1*-1 + 24/12?
1
Suppose -5*p - 3*s - 57 = -215, -2*s = -2*p + 76. What is the units digit of p?
4
Suppose 2*l = -l + 6. What is the units digit of l + 5 + (-2)/2?
6
Let z = 38 - 0. What is the units digit of z?
8
What is the units digit of (-2)/10*2135/(-7)?
1
Let i = 30 + -34. Suppose -5*o = -3*s + 12 - 1, 3*s - o + 5 = 0. What is the units digit of (42/7)/(s/i)?
8
Let i = -2 + 5. Let t be 2/i*(5 - 2). Suppose 5 = -t*w + 7*w. What is the units digit of w?
1
Suppose -5*d - 4*c + 6 = -54, 5*c = 0. What is the units digit of d?
2
Suppose 2 = l, -2*p - 16 = -5*p + 4*l. Suppose -11*k + p*k = -171. What is the units digit of k?
7
Let p(y) = -y**3 + 5*y**2 + y + 3. Let n(m) = -6*m**3 + m. Let v be n(-1). What is the units digit of p(v)?
8
Suppose 0*i + i + 123 = 3*j, 3*i - 164 = -4*j. What is the tens digit of j?
4
Suppose -2*f - 26 = -w, 58 = 4*w + 2*f - 16. What is the units digit of 8/w - (-306)/10?
1
Suppose 145 = 5*l - x - x, 5*l + 5*x - 110 = 0. Let w = l + -7. What is the units digit of w?
0
Suppose -5*t + 128 + 32 = 0. Let d = -32 - -10. Let l = d + t. What is the units digit of l?
0
Let n(q) = -51*q + 5. What is the tens digit of n(-1)?
5
Let o(t) be the first derivative of t**4/24 + t**3/2 + t**2/2 - 1. Let g(u) be the second derivative of o(u). What is the units digit of g(7)?
0
Suppose r - 124 = 4*t, t - 202 = -2*r + 37. Suppose 0 = -8*o + 13*o - r. What is the units digit of o?
4
Let r(x) = x**2 - 7*x + 6. Let a be 1/4 - (-30)/8. Let v be r(a). What is the units digit of (-1)/(21/v - -3)?
2
Let f(w) = 2*w + 9. Let n be f(-6). Let l = 6 + n. Suppose -z + l = -0. What is the units digit of z?
3
Suppose 5*z - y = 402, 7 = -z - y + 85. Suppose -4*l + 4*c + 49 + 55 = 0, 3*l - 4*c = z. What is the units digit of l?
4
Let f(r) = r**3 - 11*r**2 + 12*r + 3. Let p = -2 + 12. What is the units digit of f(p)?
3
Let a = 45 + -20. What is the units digit of a?
5
Let v(f) = -f**3 + 11. Suppose 4*q = 3*i - 1, q - 2*i = -0 - 4. Let s be 0/(((-6)/q)/3). What is the tens digit of v(s)?
1
Let i be 2/(0 - (-6)/(-27)). Let z = i - -22. What is